{"id":5,"date":"2025-01-23T06:54:43","date_gmt":"2025-01-23T05:54:43","guid":{"rendered":"https:\/\/tierpension-hof.ch\/?page_id=5"},"modified":"2026-05-02T21:00:20","modified_gmt":"2026-05-02T19:00:20","slug":"herzlich-willkommen-auf-der-webseite-der-tierpension-hof","status":"publish","type":"page","link":"https:\/\/tierpension-hof.ch\/","title":{"rendered":"Willkommen"},"content":{"rendered":"\n<p>Wir wollen uns um jedes Tier optimal k\u00fcmmern k\u00f6nnen, daher ist unser Platz beschr\u00e4nkt. Bitte melden Sie sich rechtzeitig, um einen Termin zu vereinbaren.<\/p>\n\n\n\n<p>Wir sind ausgebucht f\u00fcr die Sommerferien und nehmen im Moment keine Neukunden an. Ausnahme sind neue Kunden mit einer Empfehlung oder Aufenthaltswunsch ab November.<\/p>\n\n\n\n<p>Termine sind nur auf Voranmeldung m\u00f6glich und bitte rufen Sie <strong>immer<\/strong> beim unteren Tor an (062 721 28 48).<\/p>\n\n\n\n<figure class=\"wp-block-image size-full\"><img loading=\"lazy\" decoding=\"async\" width=\"947\" height=\"947\" src=\"https:\/\/tierpension-hof.ch\/wp-content\/uploads\/2026\/05\/Boernet-Mai-2026.jpg\" alt=\"\" class=\"wp-image-1042\" srcset=\"https:\/\/tierpension-hof.ch\/wp-content\/uploads\/2026\/05\/Boernet-Mai-2026.jpg 947w, https:\/\/tierpension-hof.ch\/wp-content\/uploads\/2026\/05\/Boernet-Mai-2026-300x300.jpg 300w, https:\/\/tierpension-hof.ch\/wp-content\/uploads\/2026\/05\/Boernet-Mai-2026-150x150.jpg 150w, https:\/\/tierpension-hof.ch\/wp-content\/uploads\/2026\/05\/Boernet-Mai-2026-768x768.jpg 768w\" sizes=\"auto, (max-width: 947px) 100vw, 947px\" \/><\/figure>\n\n\n\n<div class=\"wp-block-buttons is-layout-flex wp-block-buttons-is-layout-flex\">\n<div class=\"wp-block-button\"><a class=\"wp-block-button__link wp-element-button\">Unser wunderbarer Pechvogel B\u00f6rnet sucht einen Lebensplatz bei Menschen mit (Wind-)Hundeerfahrung, Garten, Ersthund und Humor. <\/a><\/div>\n<\/div>\n\n\n\n<div class=\"wp-block-buttons is-layout-flex wp-block-buttons-is-layout-flex\"><\/div>\n\n\n\n<div class=\"wp-block-buttons is-content-justification-left is-layout-flex wp-container-core-buttons-is-layout-fdcfc74e wp-block-buttons-is-layout-flex\"><\/div>\n\n\n\n<figure class=\"wp-block-gallery has-nested-images columns-default is-cropped wp-block-gallery-1 is-layout-flex wp-block-gallery-is-layout-flex\">\n<figure class=\"wp-block-image size-large\"><img loading=\"lazy\" decoding=\"async\" width=\"1024\" height=\"684\" data-id=\"1011\" src=\"https:\/\/tierpension-hof.ch\/wp-content\/uploads\/2024\/06\/4c45c0c0-814f-400a-a020-ff168d72ee16-1024x684.jpg\" alt=\"\" class=\"wp-image-1011\" srcset=\"https:\/\/tierpension-hof.ch\/wp-content\/uploads\/2024\/06\/4c45c0c0-814f-400a-a020-ff168d72ee16-1024x684.jpg 1024w, https:\/\/tierpension-hof.ch\/wp-content\/uploads\/2024\/06\/4c45c0c0-814f-400a-a020-ff168d72ee16-300x200.jpg 300w, https:\/\/tierpension-hof.ch\/wp-content\/uploads\/2024\/06\/4c45c0c0-814f-400a-a020-ff168d72ee16-768x513.jpg 768w, https:\/\/tierpension-hof.ch\/wp-content\/uploads\/2024\/06\/4c45c0c0-814f-400a-a020-ff168d72ee16.jpg 1238w\" sizes=\"auto, (max-width: 1024px) 100vw, 1024px\" \/><\/figure>\n\n\n\n<figure class=\"wp-block-image size-large\"><img loading=\"lazy\" decoding=\"async\" width=\"768\" height=\"1024\" data-id=\"1008\" src=\"https:\/\/tierpension-hof.ch\/wp-content\/uploads\/2024\/06\/Dane-Boernet-2-768x1024.jpg\" alt=\"\" class=\"wp-image-1008\" srcset=\"https:\/\/tierpension-hof.ch\/wp-content\/uploads\/2024\/06\/Dane-Boernet-2-768x1024.jpg 768w, https:\/\/tierpension-hof.ch\/wp-content\/uploads\/2024\/06\/Dane-Boernet-2-225x300.jpg 225w, https:\/\/tierpension-hof.ch\/wp-content\/uploads\/2024\/06\/Dane-Boernet-2-1152x1536.jpg 1152w, https:\/\/tierpension-hof.ch\/wp-content\/uploads\/2024\/06\/Dane-Boernet-2.jpg 1512w\" sizes=\"auto, (max-width: 768px) 100vw, 768px\" \/><\/figure>\n\n\n\n<figure class=\"wp-block-image size-large\"><img loading=\"lazy\" decoding=\"async\" width=\"849\" height=\"1024\" data-id=\"1006\" src=\"https:\/\/tierpension-hof.ch\/wp-content\/uploads\/2024\/06\/Dane-Boernet-Kuscheln-849x1024.jpg\" alt=\"\" class=\"wp-image-1006\" srcset=\"https:\/\/tierpension-hof.ch\/wp-content\/uploads\/2024\/06\/Dane-Boernet-Kuscheln-849x1024.jpg 849w, https:\/\/tierpension-hof.ch\/wp-content\/uploads\/2024\/06\/Dane-Boernet-Kuscheln-249x300.jpg 249w, https:\/\/tierpension-hof.ch\/wp-content\/uploads\/2024\/06\/Dane-Boernet-Kuscheln-768x926.jpg 768w, https:\/\/tierpension-hof.ch\/wp-content\/uploads\/2024\/06\/Dane-Boernet-Kuscheln.jpg 945w\" sizes=\"auto, (max-width: 849px) 100vw, 849px\" \/><\/figure>\n\n\n\n<figure class=\"wp-block-image size-large\"><img loading=\"lazy\" decoding=\"async\" width=\"768\" height=\"1024\" data-id=\"1010\" src=\"https:\/\/tierpension-hof.ch\/wp-content\/uploads\/2024\/06\/Dane-768x1024.jpg\" alt=\"\" class=\"wp-image-1010\" srcset=\"https:\/\/tierpension-hof.ch\/wp-content\/uploads\/2024\/06\/Dane-768x1024.jpg 768w, https:\/\/tierpension-hof.ch\/wp-content\/uploads\/2024\/06\/Dane-225x300.jpg 225w, https:\/\/tierpension-hof.ch\/wp-content\/uploads\/2024\/06\/Dane-1152x1536.jpg 1152w, https:\/\/tierpension-hof.ch\/wp-content\/uploads\/2024\/06\/Dane.jpg 1512w\" sizes=\"auto, (max-width: 768px) 100vw, 768px\" \/><\/figure>\n\n\n\n<figure class=\"wp-block-image size-large\"><img loading=\"lazy\" decoding=\"async\" width=\"768\" height=\"1024\" data-id=\"891\" src=\"https:\/\/tierpension-hof.ch\/wp-content\/uploads\/2021\/02\/51e59d36-01f6-4042-9feb-07b8bf9cdb0c-768x1024.jpg\" alt=\"\" class=\"wp-image-891\" srcset=\"https:\/\/tierpension-hof.ch\/wp-content\/uploads\/2021\/02\/51e59d36-01f6-4042-9feb-07b8bf9cdb0c-768x1024.jpg 768w, https:\/\/tierpension-hof.ch\/wp-content\/uploads\/2021\/02\/51e59d36-01f6-4042-9feb-07b8bf9cdb0c-225x300.jpg 225w, https:\/\/tierpension-hof.ch\/wp-content\/uploads\/2021\/02\/51e59d36-01f6-4042-9feb-07b8bf9cdb0c-1152x1536.jpg 1152w, https:\/\/tierpension-hof.ch\/wp-content\/uploads\/2021\/02\/51e59d36-01f6-4042-9feb-07b8bf9cdb0c.jpg 1536w\" sizes=\"auto, (max-width: 768px) 100vw, 768px\" \/><figcaption class=\"wp-element-caption\">Nada<\/figcaption><\/figure>\n<\/figure>\n\n\n<div class=\"wp-block-image\">\n<figure class=\"aligncenter is-resized\"><img loading=\"lazy\" decoding=\"async\" width=\"1024\" height=\"768\" src=\"https:\/\/tierpension-hof.ch\/wp-content\/uploads\/2020\/07\/Yvonne-mit-Waus-Copy.jpg\" alt=\"\" class=\"wp-image-799\" style=\"width:512px;height:384px\" srcset=\"https:\/\/tierpension-hof.ch\/wp-content\/uploads\/2020\/07\/Yvonne-mit-Waus-Copy.jpg 1024w, https:\/\/tierpension-hof.ch\/wp-content\/uploads\/2020\/07\/Yvonne-mit-Waus-Copy-300x225.jpg 300w, https:\/\/tierpension-hof.ch\/wp-content\/uploads\/2020\/07\/Yvonne-mit-Waus-Copy-768x576.jpg 768w\" sizes=\"auto, (max-width: 1024px) 100vw, 1024px\" \/><figcaption class=\"wp-element-caption\">Yvonne mit den Waus<\/figcaption><\/figure>\n<\/div>\n\n\n<p>Herzlich Willkommen  auf der Webseite der Tierpension Hof. Wir bieten Ferienpl\u00e4tze f\u00fcr Hunde und Katze in einem famil\u00e4ren Rahmen mit viel Betreuung und grossen Ausl\u00e4ufen und bieten ein kleines Refugium f\u00fcr &#8222;ausgediente&#8220; Legehennen, alte Ziegen, Schafe und zwei Shetland Ponies. Sie stammen alle aus schlechter Haltung oder konnten aus verschiedenen Gr\u00fcnden nicht mehr bei ihren Besitzern bleiben. Immer wieder betreuen wir auch Hunde, die einen Lebensplatz suchen und behalten Hunde, die aufgrund von Krankheit, Alter oder Charakter nicht vermittelbar sind.<\/p>\n\n\n\n<p>Seit \u00fcber 20 Jahren betreuen wir Ihre Hunde und Katzen, wenn Sie die  Ferien geniessen, abwesend sind oder gar krank und sich nicht selber um  ihre Tiere k\u00fcmmern k\u00f6nnen.<\/p>\n\n\n\n<p>Es ist uns wichtig, dass Ihre Vierbeiner sich bei uns wie zuhause  wohl f\u00fchlen &#8211; individuelle Betreuung, Haltung in passenden Kleingruppen  von 2 &#8211; 4 Hunden und viel Auslauf in unseren grossen Grasausl\u00e4ufen ist  selbstverst\u00e4ndlich.<\/p>\n\n\n\n<p>Wir glauben an Tierschutz im Kleinen und Lokalen und daran, dass jeder etwas dazu beitragen kann, dass die Welt etwas besser wird. Wir tragen die Kosten unseres Refugiums in der Regel selber, sind aber dankbar f\u00fcr einen Zustupf. <\/p>\n","protected":false},"excerpt":{"rendered":"<p>Wir wollen uns um jedes Tier optimal k\u00fcmmern k\u00f6nnen, daher ist unser Platz beschr\u00e4nkt. Bitte melden Sie sich rechtzeitig, um einen Termin zu vereinbaren. Wir sind ausgebucht f\u00fcr die Sommerferien und nehmen im Moment keine Neukunden an. Ausnahme sind neue Kunden mit einer Empfehlung oder Aufenthaltswunsch ab November. Termine sind nur auf Voranmeldung m\u00f6glich und [&hellip;]<\/p>\n","protected":false},"author":1,"featured_media":0,"parent":0,"menu_order":0,"comment_status":"closed","ping_status":"closed","template":"","meta":{"footnotes":""},"class_list":["post-5","page","type-page","status-publish","hentry"],"_links":{"self":[{"href":"https:\/\/tierpension-hof.ch\/index.php?rest_route=\/wp\/v2\/pages\/5","targetHints":{"allow":["GET"]}}],"collection":[{"href":"https:\/\/tierpension-hof.ch\/index.php?rest_route=\/wp\/v2\/pages"}],"about":[{"href":"https:\/\/tierpension-hof.ch\/index.php?rest_route=\/wp\/v2\/types\/page"}],"author":[{"embeddable":true,"href":"https:\/\/tierpension-hof.ch\/index.php?rest_route=\/wp\/v2\/users\/1"}],"replies":[{"embeddable":true,"href":"https:\/\/tierpension-hof.ch\/index.php?rest_route=%2Fwp%2Fv2%2Fcomments&post=5"}],"version-history":[{"count":77,"href":"https:\/\/tierpension-hof.ch\/index.php?rest_route=\/wp\/v2\/pages\/5\/revisions"}],"predecessor-version":[{"id":1043,"href":"https:\/\/tierpension-hof.ch\/index.php?rest_route=\/wp\/v2\/pages\/5\/revisions\/1043"}],"wp:attachment":[{"href":"https:\/\/tierpension-hof.ch\/index.php?rest_route=%2Fwp%2Fv2%2Fmedia&parent=5"}],"curies":[{"name":"wp","href":"https:\/\/api.w.org\/{rel}","templated":true}]}}

<p>Wir wollen uns um jedes Tier optimal kümmern können, daher ist unser Platz beschränkt. Bitte melden Sie sich rechtzeitig, um einen Termin zu vereinbaren.</p>



<p>Wir sind ausgebucht für die Sommerferien und nehmen im Moment keine Neukunden an. Ausnahme sind neue Kunden mit einer Empfehlung oder Aufenthaltswunsch ab November.</p>



<p>Termine sind nur auf Voranmeldung möglich und bitte rufen Sie <strong>immer</strong> beim unteren Tor an (062 721 28 48).</p>



<figure class="wp-block-image size-full"><img loading="lazy" decoding="async" width="947" height="947" src="https://tierpension-hof.ch/wp-content/uploads/2026/05/Boernet-Mai-2026.jpg" alt="" class="wp-image-1042" srcset="https://tierpension-hof.ch/wp-content/uploads/2026/05/Boernet-Mai-2026.jpg 947w, https://tierpension-hof.ch/wp-content/uploads/2026/05/Boernet-Mai-2026-300x300.jpg 300w, https://tierpension-hof.ch/wp-content/uploads/2026/05/Boernet-Mai-2026-150x150.jpg 150w, https://tierpension-hof.ch/wp-content/uploads/2026/05/Boernet-Mai-2026-768x768.jpg 768w" sizes="auto, (max-width: 947px) 100vw, 947px" /></figure>



<div class="wp-block-buttons is-layout-flex wp-block-buttons-is-layout-flex">
<div class="wp-block-button"><a class="wp-block-button__link wp-element-button">Unser wunderbarer Pechvogel Börnet sucht einen Lebensplatz bei Menschen mit (Wind-)Hundeerfahrung, Garten, Ersthund und Humor. </a></div>
</div>



<div class="wp-block-buttons is-layout-flex wp-block-buttons-is-layout-flex"></div>



<div class="wp-block-buttons is-content-justification-left is-layout-flex wp-container-core-buttons-is-layout-fdcfc74e wp-block-buttons-is-layout-flex"></div>



<figure class="wp-block-gallery has-nested-images columns-default is-cropped wp-block-gallery-1 is-layout-flex wp-block-gallery-is-layout-flex">
<figure class="wp-block-image size-large"><img loading="lazy" decoding="async" width="1024" height="684" data-id="1011" src="https://tierpension-hof.ch/wp-content/uploads/2024/06/4c45c0c0-814f-400a-a020-ff168d72ee16-1024x684.jpg" alt="" class="wp-image-1011" srcset="https://tierpension-hof.ch/wp-content/uploads/2024/06/4c45c0c0-814f-400a-a020-ff168d72ee16-1024x684.jpg 1024w, https://tierpension-hof.ch/wp-content/uploads/2024/06/4c45c0c0-814f-400a-a020-ff168d72ee16-300x200.jpg 300w, https://tierpension-hof.ch/wp-content/uploads/2024/06/4c45c0c0-814f-400a-a020-ff168d72ee16-768x513.jpg 768w, https://tierpension-hof.ch/wp-content/uploads/2024/06/4c45c0c0-814f-400a-a020-ff168d72ee16.jpg 1238w" sizes="auto, (max-width: 1024px) 100vw, 1024px" /></figure>



<figure class="wp-block-image size-large"><img loading="lazy" decoding="async" width="768" height="1024" data-id="1008" src="https://tierpension-hof.ch/wp-content/uploads/2024/06/Dane-Boernet-2-768x1024.jpg" alt="" class="wp-image-1008" srcset="https://tierpension-hof.ch/wp-content/uploads/2024/06/Dane-Boernet-2-768x1024.jpg 768w, https://tierpension-hof.ch/wp-content/uploads/2024/06/Dane-Boernet-2-225x300.jpg 225w, https://tierpension-hof.ch/wp-content/uploads/2024/06/Dane-Boernet-2-1152x1536.jpg 1152w, https://tierpension-hof.ch/wp-content/uploads/2024/06/Dane-Boernet-2.jpg 1512w" sizes="auto, (max-width: 768px) 100vw, 768px" /></figure>



<figure class="wp-block-image size-large"><img loading="lazy" decoding="async" width="849" height="1024" data-id="1006" src="https://tierpension-hof.ch/wp-content/uploads/2024/06/Dane-Boernet-Kuscheln-849x1024.jpg" alt="" class="wp-image-1006" srcset="https://tierpension-hof.ch/wp-content/uploads/2024/06/Dane-Boernet-Kuscheln-849x1024.jpg 849w, https://tierpension-hof.ch/wp-content/uploads/2024/06/Dane-Boernet-Kuscheln-249x300.jpg 249w, https://tierpension-hof.ch/wp-content/uploads/2024/06/Dane-Boernet-Kuscheln-768x926.jpg 768w, https://tierpension-hof.ch/wp-content/uploads/2024/06/Dane-Boernet-Kuscheln.jpg 945w" sizes="auto, (max-width: 849px) 100vw, 849px" /></figure>



<figure class="wp-block-image size-large"><img loading="lazy" decoding="async" width="768" height="1024" data-id="1010" src="https://tierpension-hof.ch/wp-content/uploads/2024/06/Dane-768x1024.jpg" alt="" class="wp-image-1010" srcset="https://tierpension-hof.ch/wp-content/uploads/2024/06/Dane-768x1024.jpg 768w, https://tierpension-hof.ch/wp-content/uploads/2024/06/Dane-225x300.jpg 225w, https://tierpension-hof.ch/wp-content/uploads/2024/06/Dane-1152x1536.jpg 1152w, https://tierpension-hof.ch/wp-content/uploads/2024/06/Dane.jpg 1512w" sizes="auto, (max-width: 768px) 100vw, 768px" /></figure>



<figure class="wp-block-image size-large"><img loading="lazy" decoding="async" width="768" height="1024" data-id="891" src="https://tierpension-hof.ch/wp-content/uploads/2021/02/51e59d36-01f6-4042-9feb-07b8bf9cdb0c-768x1024.jpg" alt="" class="wp-image-891" srcset="https://tierpension-hof.ch/wp-content/uploads/2021/02/51e59d36-01f6-4042-9feb-07b8bf9cdb0c-768x1024.jpg 768w, https://tierpension-hof.ch/wp-content/uploads/2021/02/51e59d36-01f6-4042-9feb-07b8bf9cdb0c-225x300.jpg 225w, https://tierpension-hof.ch/wp-content/uploads/2021/02/51e59d36-01f6-4042-9feb-07b8bf9cdb0c-1152x1536.jpg 1152w, https://tierpension-hof.ch/wp-content/uploads/2021/02/51e59d36-01f6-4042-9feb-07b8bf9cdb0c.jpg 1536w" sizes="auto, (max-width: 768px) 100vw, 768px" /><figcaption class="wp-element-caption">Nada</figcaption></figure>
</figure>


<div class="wp-block-image">
<figure class="aligncenter is-resized"><img loading="lazy" decoding="async" width="1024" height="768" src="https://tierpension-hof.ch/wp-content/uploads/2020/07/Yvonne-mit-Waus-Copy.jpg" alt="" class="wp-image-799" style="width:512px;height:384px" srcset="https://tierpension-hof.ch/wp-content/uploads/2020/07/Yvonne-mit-Waus-Copy.jpg 1024w, https://tierpension-hof.ch/wp-content/uploads/2020/07/Yvonne-mit-Waus-Copy-300x225.jpg 300w, https://tierpension-hof.ch/wp-content/uploads/2020/07/Yvonne-mit-Waus-Copy-768x576.jpg 768w" sizes="auto, (max-width: 1024px) 100vw, 1024px" /><figcaption class="wp-element-caption">Yvonne mit den Waus</figcaption></figure>
</div>


<p>Herzlich Willkommen  auf der Webseite der Tierpension Hof. Wir bieten Ferienplätze für Hunde und Katze in einem familären Rahmen mit viel Betreuung und grossen Ausläufen und bieten ein kleines Refugium für &#8222;ausgediente&#8220; Legehennen, alte Ziegen, Schafe und zwei Shetland Ponies. Sie stammen alle aus schlechter Haltung oder konnten aus verschiedenen Gründen nicht mehr bei ihren Besitzern bleiben. Immer wieder betreuen wir auch Hunde, die einen Lebensplatz suchen und behalten Hunde, die aufgrund von Krankheit, Alter oder Charakter nicht vermittelbar sind.</p>



<p>Seit über 20 Jahren betreuen wir Ihre Hunde und Katzen, wenn Sie die  Ferien geniessen, abwesend sind oder gar krank und sich nicht selber um  ihre Tiere kümmern können.</p>



<p>Es ist uns wichtig, dass Ihre Vierbeiner sich bei uns wie zuhause  wohl fühlen &#8211; individuelle Betreuung, Haltung in passenden Kleingruppen  von 2 &#8211; 4 Hunden und viel Auslauf in unseren grossen Grasausläufen ist  selbstverständlich.</p>



<p>Wir glauben an Tierschutz im Kleinen und Lokalen und daran, dass jeder etwas dazu beitragen kann, dass die Welt etwas besser wird. Wir tragen die Kosten unseres Refugiums in der Regel selber, sind aber dankbar für einen Zustupf. </p>

<p>Wir wollen uns um jedes Tier optimal kümmern können, daher ist unser Platz beschränkt. Bitte melden Sie sich rechtzeitig, um einen Termin zu vereinbaren. Wir sind ausgebucht für die Sommerferien und nehmen im Moment keine Neukunden an. Ausnahme sind neue Kunden mit einer Empfehlung oder Aufenthaltswunsch ab November. Termine sind nur auf Voranmeldung möglich und [&hellip;]</p>
