{"id":15,"date":"2024-01-02T09:29:34","date_gmt":"2024-01-02T08:29:34","guid":{"rendered":"https:\/\/tierpension-hof.ch\/?page_id=15"},"modified":"2024-01-02T09:29:57","modified_gmt":"2024-01-02T08:29:57","slug":"unser-team","status":"publish","type":"page","link":"https:\/\/tierpension-hof.ch\/?page_id=15","title":{"rendered":"Unser Team"},"content":{"rendered":"\n<figure class=\"wp-block-image size-large\"><img loading=\"lazy\" decoding=\"async\" width=\"1024\" height=\"740\" src=\"https:\/\/tierpension-hof.ch\/wp-content\/uploads\/2020\/07\/Yvonne-Amanda-Copy-1024x740.jpg\" alt=\"\" class=\"wp-image-798\" srcset=\"https:\/\/tierpension-hof.ch\/wp-content\/uploads\/2020\/07\/Yvonne-Amanda-Copy.jpg 1024w, https:\/\/tierpension-hof.ch\/wp-content\/uploads\/2020\/07\/Yvonne-Amanda-Copy-300x217.jpg 300w, https:\/\/tierpension-hof.ch\/wp-content\/uploads\/2020\/07\/Yvonne-Amanda-Copy-768x555.jpg 768w\" sizes=\"auto, (max-width: 1024px) 100vw, 1024px\" \/><figcaption class=\"wp-element-caption\">Yvonne und Amanda<\/figcaption><\/figure>\n\n\n\n<p>Unser Team besteht aus Yvonne Hostettler, Ramona Erismann, Massimo Tagloli, Philipp M\u00fchlethaler und gelegentlich Tina Hostettler und Amanda Silva Merlo.<\/p>\n\n\n\n<p>Yvonne Hostettler h\u00e4lt seit \u00fcber 50 Jahren Windhunde, Pferde und  viele weitere Tiere und leitet die Tierpension Hof seit \u00fcber 20 Jahren  mit Herz und Seele. <\/p>\n\n\n\n<figure class=\"wp-block-gallery has-nested-images columns-default is-cropped wp-block-gallery-1 is-layout-flex wp-block-gallery-is-layout-flex\">\n<figure class=\"wp-block-image size-large\"><img loading=\"lazy\" decoding=\"async\" width=\"865\" height=\"522\" data-id=\"256\" src=\"https:\/\/tierpension-hof.ch\/wp-content\/uploads\/2019\/03\/tierpension-hof-2011-33.jpg\" alt=\"\" class=\"wp-image-256\" srcset=\"https:\/\/tierpension-hof.ch\/wp-content\/uploads\/2019\/03\/tierpension-hof-2011-33.jpg 865w, https:\/\/tierpension-hof.ch\/wp-content\/uploads\/2019\/03\/tierpension-hof-2011-33-300x181.jpg 300w, https:\/\/tierpension-hof.ch\/wp-content\/uploads\/2019\/03\/tierpension-hof-2011-33-768x463.jpg 768w\" sizes=\"auto, (max-width: 865px) 100vw, 865px\" \/><figcaption class=\"wp-element-caption\">Yvonne mit Missy<\/figcaption><\/figure>\n\n\n\n<figure class=\"wp-block-image size-large\"><img loading=\"lazy\" decoding=\"async\" width=\"610\" height=\"823\" data-id=\"241\" src=\"https:\/\/tierpension-hof.ch\/wp-content\/uploads\/2019\/03\/tierpension-hof-2011-17.jpg\" alt=\"\" class=\"wp-image-241\" srcset=\"https:\/\/tierpension-hof.ch\/wp-content\/uploads\/2019\/03\/tierpension-hof-2011-17.jpg 610w, https:\/\/tierpension-hof.ch\/wp-content\/uploads\/2019\/03\/tierpension-hof-2011-17-222x300.jpg 222w\" sizes=\"auto, (max-width: 610px) 100vw, 610px\" \/><figcaption class=\"wp-element-caption\">Yvonne mit Kassandra<\/figcaption><\/figure>\n\n\n\n<figure class=\"wp-block-image size-large\"><img loading=\"lazy\" decoding=\"async\" width=\"768\" height=\"1024\" data-id=\"164\" src=\"https:\/\/tierpension-hof.ch\/wp-content\/uploads\/2019\/03\/Yvonne-Harvey-20181226-768x1024.jpg\" alt=\"\" class=\"wp-image-164\" srcset=\"https:\/\/tierpension-hof.ch\/wp-content\/uploads\/2019\/03\/Yvonne-Harvey-20181226-768x1024.jpg 768w, https:\/\/tierpension-hof.ch\/wp-content\/uploads\/2019\/03\/Yvonne-Harvey-20181226-225x300.jpg 225w, https:\/\/tierpension-hof.ch\/wp-content\/uploads\/2019\/03\/Yvonne-Harvey-20181226.jpg 1082w\" sizes=\"auto, (max-width: 768px) 100vw, 768px\" \/><figcaption class=\"wp-element-caption\">Yvonne mit Harvey<\/figcaption><\/figure>\n\n\n\n<figure class=\"wp-block-image size-large\"><img loading=\"lazy\" decoding=\"async\" width=\"768\" height=\"1024\" data-id=\"107\" src=\"https:\/\/tierpension-hof.ch\/wp-content\/uploads\/2019\/03\/WP_002240-768x1024.jpg\" alt=\"\" class=\"wp-image-107\" srcset=\"https:\/\/tierpension-hof.ch\/wp-content\/uploads\/2019\/03\/WP_002240-768x1024.jpg 768w, https:\/\/tierpension-hof.ch\/wp-content\/uploads\/2019\/03\/WP_002240-225x300.jpg 225w, https:\/\/tierpension-hof.ch\/wp-content\/uploads\/2019\/03\/WP_002240.jpg 1082w\" sizes=\"auto, (max-width: 768px) 100vw, 768px\" \/><figcaption class=\"wp-element-caption\">MIssy am Familienhunde-Kurs<\/figcaption><\/figure>\n\n\n\n<figure class=\"wp-block-image size-large\"><img loading=\"lazy\" decoding=\"async\" width=\"768\" height=\"1024\" data-id=\"106\" src=\"https:\/\/tierpension-hof.ch\/wp-content\/uploads\/2019\/03\/WP_002233-768x1024.jpg\" alt=\"\" class=\"wp-image-106\" srcset=\"https:\/\/tierpension-hof.ch\/wp-content\/uploads\/2019\/03\/WP_002233-768x1024.jpg 768w, https:\/\/tierpension-hof.ch\/wp-content\/uploads\/2019\/03\/WP_002233-225x300.jpg 225w, https:\/\/tierpension-hof.ch\/wp-content\/uploads\/2019\/03\/WP_002233.jpg 1082w\" sizes=\"auto, (max-width: 768px) 100vw, 768px\" \/><figcaption class=\"wp-element-caption\">Missy am Familienhunde-Kurs<\/figcaption><\/figure>\n\n\n\n<figure class=\"wp-block-image size-large\"><img loading=\"lazy\" decoding=\"async\" width=\"768\" height=\"1024\" data-id=\"105\" src=\"https:\/\/tierpension-hof.ch\/wp-content\/uploads\/2019\/03\/WP_002230-768x1024.jpg\" alt=\"\" class=\"wp-image-105\" srcset=\"https:\/\/tierpension-hof.ch\/wp-content\/uploads\/2019\/03\/WP_002230-768x1024.jpg 768w, https:\/\/tierpension-hof.ch\/wp-content\/uploads\/2019\/03\/WP_002230-225x300.jpg 225w, https:\/\/tierpension-hof.ch\/wp-content\/uploads\/2019\/03\/WP_002230.jpg 1082w\" sizes=\"auto, (max-width: 768px) 100vw, 768px\" \/><figcaption class=\"wp-element-caption\">MIssy am Familienhunde-Kurs<\/figcaption><\/figure>\n<\/figure>\n\n\n\n<p> <\/p>\n\n\n\n<p>Philipp M\u00fchlethaler ist gelernter Metallbauschlosser und Technischer Operationsassistent, er hat lange im Spital gearbeitet und arbeitet seit 2016 als Tierpfleger FBA bei uns. Er hat seit \u00fcber 15 Jahren selber Windhunde &#8211; Gospel of the Moon, Adelchi Baghera und Vico of Starlight waren seine ersten Hunde. Er konstruiert zudem Hundegitter nach Kundenwunsch (<a href=\"http:\/\/black-dog.ch\/\" target=\"_blank\" rel=\"noreferrer noopener\">www.black-dog.ch<\/a>).<\/p>\n\n\n\n<figure class=\"wp-block-gallery has-nested-images columns-default is-cropped wp-block-gallery-2 is-layout-flex wp-block-gallery-is-layout-flex\">\n<figure class=\"wp-block-image size-large\"><img loading=\"lazy\" decoding=\"async\" width=\"960\" height=\"539\" data-id=\"260\" src=\"https:\/\/tierpension-hof.ch\/wp-content\/uploads\/2019\/03\/tierpension-hof-2011-37.jpg\" alt=\"\" class=\"wp-image-260\" srcset=\"https:\/\/tierpension-hof.ch\/wp-content\/uploads\/2019\/03\/tierpension-hof-2011-37.jpg 960w, https:\/\/tierpension-hof.ch\/wp-content\/uploads\/2019\/03\/tierpension-hof-2011-37-300x168.jpg 300w, https:\/\/tierpension-hof.ch\/wp-content\/uploads\/2019\/03\/tierpension-hof-2011-37-768x431.jpg 768w\" sizes=\"auto, (max-width: 960px) 100vw, 960px\" \/><figcaption class=\"wp-element-caption\">Philipp auf dem Weg zu den Ziegen<\/figcaption><\/figure>\n\n\n\n<figure class=\"wp-block-image size-large\"><img loading=\"lazy\" decoding=\"async\" width=\"960\" height=\"538\" data-id=\"240\" src=\"https:\/\/tierpension-hof.ch\/wp-content\/uploads\/2019\/03\/tierpension-hof-2011-16.jpg\" alt=\"\" class=\"wp-image-240\" srcset=\"https:\/\/tierpension-hof.ch\/wp-content\/uploads\/2019\/03\/tierpension-hof-2011-16.jpg 960w, https:\/\/tierpension-hof.ch\/wp-content\/uploads\/2019\/03\/tierpension-hof-2011-16-300x168.jpg 300w, https:\/\/tierpension-hof.ch\/wp-content\/uploads\/2019\/03\/tierpension-hof-2011-16-768x430.jpg 768w\" sizes=\"auto, (max-width: 960px) 100vw, 960px\" \/><figcaption class=\"wp-element-caption\">Philipp mit Junior<\/figcaption><\/figure>\n\n\n\n<figure class=\"wp-block-image size-large\"><img loading=\"lazy\" decoding=\"async\" width=\"960\" height=\"543\" data-id=\"228\" src=\"https:\/\/tierpension-hof.ch\/wp-content\/uploads\/2019\/03\/tierpension-hof-2011-2.jpg\" alt=\"\" class=\"wp-image-228\" srcset=\"https:\/\/tierpension-hof.ch\/wp-content\/uploads\/2019\/03\/tierpension-hof-2011-2.jpg 960w, https:\/\/tierpension-hof.ch\/wp-content\/uploads\/2019\/03\/tierpension-hof-2011-2-300x170.jpg 300w, https:\/\/tierpension-hof.ch\/wp-content\/uploads\/2019\/03\/tierpension-hof-2011-2-768x434.jpg 768w\" sizes=\"auto, (max-width: 960px) 100vw, 960px\" \/><figcaption class=\"wp-element-caption\">Philipp<\/figcaption><\/figure>\n\n\n\n<figure class=\"wp-block-image size-large\"><img loading=\"lazy\" decoding=\"async\" width=\"1024\" height=\"768\" data-id=\"108\" src=\"https:\/\/tierpension-hof.ch\/wp-content\/uploads\/2019\/03\/WP_002243-1024x768.jpg\" alt=\"\" class=\"wp-image-108\" srcset=\"https:\/\/tierpension-hof.ch\/wp-content\/uploads\/2019\/03\/WP_002243-1024x768.jpg 1024w, https:\/\/tierpension-hof.ch\/wp-content\/uploads\/2019\/03\/WP_002243-300x225.jpg 300w, https:\/\/tierpension-hof.ch\/wp-content\/uploads\/2019\/03\/WP_002243-768x576.jpg 768w, https:\/\/tierpension-hof.ch\/wp-content\/uploads\/2019\/03\/WP_002243-1568x1176.jpg 1568w, https:\/\/tierpension-hof.ch\/wp-content\/uploads\/2019\/03\/WP_002243.jpg 1923w\" sizes=\"auto, (max-width: 1024px) 100vw, 1024px\" \/><figcaption class=\"wp-element-caption\">Philipp mit Ayla am Hunde-Kurs<\/figcaption><\/figure>\n\n\n\n<figure class=\"wp-block-image size-large\"><img loading=\"lazy\" decoding=\"async\" width=\"1024\" height=\"766\" data-id=\"91\" src=\"https:\/\/tierpension-hof.ch\/wp-content\/uploads\/2019\/03\/Morgan-20180330-1024x766.jpg\" alt=\"\" class=\"wp-image-91\" srcset=\"https:\/\/tierpension-hof.ch\/wp-content\/uploads\/2019\/03\/Morgan-20180330-1024x766.jpg 1024w, https:\/\/tierpension-hof.ch\/wp-content\/uploads\/2019\/03\/Morgan-20180330-300x224.jpg 300w, https:\/\/tierpension-hof.ch\/wp-content\/uploads\/2019\/03\/Morgan-20180330-768x574.jpg 768w, https:\/\/tierpension-hof.ch\/wp-content\/uploads\/2019\/03\/Morgan-20180330-1568x1173.jpg 1568w, https:\/\/tierpension-hof.ch\/wp-content\/uploads\/2019\/03\/Morgan-20180330.jpg 1928w\" sizes=\"auto, (max-width: 1024px) 100vw, 1024px\" \/><figcaption class=\"wp-element-caption\">Morgan&#8217;s Ankunft im neuen Zuhause<\/figcaption><\/figure>\n\n\n\n<figure class=\"wp-block-image size-large\"><img loading=\"lazy\" decoding=\"async\" width=\"1024\" height=\"681\" data-id=\"350\" src=\"https:\/\/tierpension-hof.ch\/wp-content\/uploads\/2019\/03\/0028-1024x681.jpg\" alt=\"\" class=\"wp-image-350\" srcset=\"https:\/\/tierpension-hof.ch\/wp-content\/uploads\/2019\/03\/0028-1024x681.jpg 1024w, https:\/\/tierpension-hof.ch\/wp-content\/uploads\/2019\/03\/0028-300x200.jpg 300w, https:\/\/tierpension-hof.ch\/wp-content\/uploads\/2019\/03\/0028-768x511.jpg 768w\" sizes=\"auto, (max-width: 1024px) 100vw, 1024px\" \/><figcaption class=\"wp-element-caption\">Murphy, Ayam Cemani Hahn, Februar 2017<\/figcaption><\/figure>\n\n\n\n<figure class=\"wp-block-image size-large\"><img loading=\"lazy\" decoding=\"async\" width=\"1024\" height=\"681\" data-id=\"351\" src=\"https:\/\/tierpension-hof.ch\/wp-content\/uploads\/2019\/03\/0030-1024x681.jpg\" alt=\"\" class=\"wp-image-351\" srcset=\"https:\/\/tierpension-hof.ch\/wp-content\/uploads\/2019\/03\/0030-1024x681.jpg 1024w, https:\/\/tierpension-hof.ch\/wp-content\/uploads\/2019\/03\/0030-300x200.jpg 300w, https:\/\/tierpension-hof.ch\/wp-content\/uploads\/2019\/03\/0030-768x511.jpg 768w\" sizes=\"auto, (max-width: 1024px) 100vw, 1024px\" \/><figcaption class=\"wp-element-caption\">Murphy&#8217;s flock, Februar 2017<\/figcaption><\/figure>\n\n\n\n<figure class=\"wp-block-image size-large\"><img loading=\"lazy\" decoding=\"async\" width=\"1024\" height=\"1024\" data-id=\"352\" src=\"https:\/\/tierpension-hof.ch\/wp-content\/uploads\/2019\/03\/imageedit_5_8858092796.jpg\" alt=\"\" class=\"wp-image-352\" srcset=\"https:\/\/tierpension-hof.ch\/wp-content\/uploads\/2019\/03\/imageedit_5_8858092796.jpg 1024w, https:\/\/tierpension-hof.ch\/wp-content\/uploads\/2019\/03\/imageedit_5_8858092796-150x150.jpg 150w, https:\/\/tierpension-hof.ch\/wp-content\/uploads\/2019\/03\/imageedit_5_8858092796-300x300.jpg 300w, https:\/\/tierpension-hof.ch\/wp-content\/uploads\/2019\/03\/imageedit_5_8858092796-768x768.jpg 768w\" sizes=\"auto, (max-width: 1024px) 100vw, 1024px\" \/><\/figure>\n\n\n\n<figure class=\"wp-block-image size-large\"><img loading=\"lazy\" decoding=\"async\" width=\"1024\" height=\"768\" data-id=\"783\" src=\"https:\/\/tierpension-hof.ch\/wp-content\/uploads\/2020\/07\/Morgan-Copy-1024x768.jpg\" alt=\"\" class=\"wp-image-783\" srcset=\"https:\/\/tierpension-hof.ch\/wp-content\/uploads\/2020\/07\/Morgan-Copy.jpg 1024w, https:\/\/tierpension-hof.ch\/wp-content\/uploads\/2020\/07\/Morgan-Copy-300x225.jpg 300w, https:\/\/tierpension-hof.ch\/wp-content\/uploads\/2020\/07\/Morgan-Copy-768x576.jpg 768w\" sizes=\"auto, (max-width: 1024px) 100vw, 1024px\" \/><figcaption class=\"wp-element-caption\">und Morgan<\/figcaption><\/figure>\n\n\n\n<figure class=\"wp-block-image size-large\"><img loading=\"lazy\" decoding=\"async\" width=\"576\" height=\"768\" data-id=\"795\" src=\"https:\/\/tierpension-hof.ch\/wp-content\/uploads\/2020\/07\/Tango-Copy.jpg\" alt=\"\" class=\"wp-image-795\" srcset=\"https:\/\/tierpension-hof.ch\/wp-content\/uploads\/2020\/07\/Tango-Copy.jpg 576w, https:\/\/tierpension-hof.ch\/wp-content\/uploads\/2020\/07\/Tango-Copy-225x300.jpg 225w\" sizes=\"auto, (max-width: 576px) 100vw, 576px\" \/><figcaption class=\"wp-element-caption\">Tango muss arbeiten<\/figcaption><\/figure>\n\n\n\n<figure class=\"wp-block-image size-large\"><img loading=\"lazy\" decoding=\"async\" width=\"576\" height=\"768\" data-id=\"796\" src=\"https:\/\/tierpension-hof.ch\/wp-content\/uploads\/2020\/07\/Tango-2-Copy.jpg\" alt=\"\" class=\"wp-image-796\" srcset=\"https:\/\/tierpension-hof.ch\/wp-content\/uploads\/2020\/07\/Tango-2-Copy.jpg 576w, https:\/\/tierpension-hof.ch\/wp-content\/uploads\/2020\/07\/Tango-2-Copy-225x300.jpg 225w\" sizes=\"auto, (max-width: 576px) 100vw, 576px\" \/><figcaption class=\"wp-element-caption\">und er klettert wirklich formidabel<\/figcaption><\/figure>\n<\/figure>\n","protected":false},"excerpt":{"rendered":"<p>Unser Team besteht aus Yvonne Hostettler, Ramona Erismann, Massimo Tagloli, Philipp M\u00fchlethaler und gelegentlich Tina Hostettler und Amanda Silva Merlo. Yvonne Hostettler h\u00e4lt seit \u00fcber 50 Jahren Windhunde, Pferde und viele weitere Tiere und leitet die Tierpension Hof seit \u00fcber 20 Jahren mit Herz und Seele. Philipp M\u00fchlethaler ist gelernter Metallbauschlosser und Technischer Operationsassistent, er [&hellip;]<\/p>\n","protected":false},"author":1,"featured_media":0,"parent":0,"menu_order":0,"comment_status":"closed","ping_status":"closed","template":"","meta":{"footnotes":""},"class_list":["post-15","page","type-page","status-publish","hentry"],"_links":{"self":[{"href":"https:\/\/tierpension-hof.ch\/index.php?rest_route=\/wp\/v2\/pages\/15","targetHints":{"allow":["GET"]}}],"collection":[{"href":"https:\/\/tierpension-hof.ch\/index.php?rest_route=\/wp\/v2\/pages"}],"about":[{"href":"https:\/\/tierpension-hof.ch\/index.php?rest_route=\/wp\/v2\/types\/page"}],"author":[{"embeddable":true,"href":"https:\/\/tierpension-hof.ch\/index.php?rest_route=\/wp\/v2\/users\/1"}],"replies":[{"embeddable":true,"href":"https:\/\/tierpension-hof.ch\/index.php?rest_route=%2Fwp%2Fv2%2Fcomments&post=15"}],"version-history":[{"count":27,"href":"https:\/\/tierpension-hof.ch\/index.php?rest_route=\/wp\/v2\/pages\/15\/revisions"}],"predecessor-version":[{"id":987,"href":"https:\/\/tierpension-hof.ch\/index.php?rest_route=\/wp\/v2\/pages\/15\/revisions\/987"}],"wp:attachment":[{"href":"https:\/\/tierpension-hof.ch\/index.php?rest_route=%2Fwp%2Fv2%2Fmedia&parent=15"}],"curies":[{"name":"wp","href":"https:\/\/api.w.org\/{rel}","templated":true}]}}